 a multiple of 38?
True
Is 50 a factor of 126556500?
True
Is 236261719 a multiple of 8?
False
Is 68931422 a multiple of 11?
False
Is 10 a factor of 39509618?
False
Is 10 a factor of 10350400?
True
Is 11 a factor of 2492938338?
True
Is 93742809 a multiple of 620?
False
Is 177 a factor of 7666398?
False
Is 102 a factor of 558056280?
True
Does 788 divide 20202411?
False
Is 95290769 a multiple of 511?
True
Is 51 a factor of 93320246?
False
Is 88 a factor of 533112932?
False
Does 1992 divide 440479008?
True
Does 3236 divide 188079556?
True
Is 480 a factor of 1735378?
False
Is 980021967 a multiple of 166?
False
Is 262124265 a multiple of 43?
False
Is 69231730 a multiple of 277?
False
Is 11 a factor of 91127315?
False
Does 36 divide 38295522?
False
Is 209441905 a multiple of 865?
False
Is 817171630 a multiple of 74?
False
Is 194755751 a multiple of 73?
True
Is 450625037 a multiple of 8?
False
Does 353 divide 1237285474?
True
Does 33 divide 6781492?
False
Is 341 a factor of 55292125?
False
Is 41 a factor of 18286346?
False
Is 11512 a factor of 1501913080?
True
Is 547 a factor of 41931720?
False
Is 316260399 a multiple of 43?
True
Is 4628121 a multiple of 98?
False
Is 67819927 a multiple of 4571?
True
Is 4 a factor of 50654908?
True
Is 4615645812 a multiple of 402?
True
Is 770 a factor of 13970104?
False
Is 26693899 a multiple of 12?
False
Does 5 divide 20994915?
True
Is 64 a factor of 30032066?
False
Is 218371975 a multiple of 672?
False
Does 2 divide 595808?
True
Does 22 divide 179315300?
False
Does 208 divide 289805776?
True
Is 19563009 a multiple of 461?
False
Is 1542 a factor of 583728430?
False
Does 4442 divide 115554188?
True
Is 33321540 a multiple of 15?
True
Does 232 divide 133883627?
False
Is 257201517 a multiple of 51?
True
Does 8 divide 34757?
False
Does 719 divide 40836723?
False
Is 67 a factor of 14416475?
False
Does 1903 divide 266431418?
True
Is 50538457 a multiple of 2070?
False
Is 44610936 a multiple of 152?
True
Is 2470335 a multiple of 147?
True
Does 1474 divide 478930793?
False
Is 2245677329 a multiple of 155?
False
Is 63439985 a multiple of 217?
False
Does 79 divide 39649942?
True
Is 1454 a factor of 56076534?
False
Is 113721047 a multiple of 48?
False
Does 97 divide 329465544?
True
Is 265633049 a multiple of 2047?
True
Is 51464266 a multiple of 17?
False
Is 66 a factor of 279807075?
False
Is 297337257 a multiple of 49?
False
Does 197 divide 26348750?
True
Does 186 divide 3836800157?
False
Is 172 a factor of 39801660?
True
Is 181337674 a multiple of 21?
False
Is 1971060 a multiple of 273?
True
Is 275 a factor of 184580621?
False
Is 3647 a factor of 691587114?
False
Is 738113536 a multiple of 669?
False
Is 760758338 a multiple of 11?
False
Is 718 a factor of 191469778?
True
Is 5145734 a multiple of 2230?
False
Does 15 divide 59014815?
True
Does 4314 divide 16457910?
True
Does 26 divide 148442710?
True
Is 1409615642 a multiple of 56?
False
Is 197191287 a multiple of 848?
False
Does 17 divide 197079657?
True
Is 276396668 a multiple of 2365?
False
Is 80896802 a multiple of 14?
True
Is 2220801529 a multiple of 111?
False
Is 2398167264 a multiple of 37?
False
Is 64 a factor of 368204672?
True
Is 134080752 a multiple of 1963?
True
Is 277 a factor of 9100598?
False
Is 758 a factor of 36225578?
True
Is 47936003 a multiple of 14?
False
Is 134 a factor of 182305341?
False
Is 70 a factor of 462090120?
False
Does 497 divide 905989749?
True
Is 54140385 a multiple of 39?
True
Is 1803849372 a multiple of 39?
True
Is 288 a factor of 132142199?
False
Is 5 a factor of 99979?
False
Is 5 a factor of 245776487?
False
Is 1249 a factor of 202826359?
True
Is 300 a factor of 1519164900?
True
Is 130 a factor of 78185510?
True
Does 2 divide 30530307?
False
Is 5437 a factor of 3271948541?
True
Is 2423 a factor of 110817451?
False
Is 5 a factor of 50835170?
True
Is 57 a factor of 458313744?
True
Is 1212 a factor of 457851180?
True
Is 259 a factor of 30507869?
True
Does 4 divide 1527406?
False
Does 12 divide 42653709?
False
Does 2147 divide 268639081?
True
Is 4869337 a multiple of 63?
False
Does 371 divide 401400508?
False
Does 64 divide 2196362816?
True
Does 317 divide 101352191?
True
Is 1478 a factor of 259220508?
True
Is 234 a factor of 47110463?
False
Is 2378 a factor of 64450934?
True
Is 35 a factor of 50443631?
False
Is 270638334 a multiple of 486?
True
Is 121831500 a multiple of 2830?
True
Is 453801176 a multiple of 389?
True
Does 2 divide 87239638?
True
Does 184 divide 452024888?
True
Is 20 a factor of 196504438?
False
Is 1625863197 a multiple of 3812?
False
Is 55239080 a multiple of 95?
True
Is 87 a factor of 3951329721?
True
Is 5 a factor of 13919270?
True
Is 127 a factor of 9799828?
True
Does 16 divide 30990332?
False
Does 72 divide 3535659576?
True
Is 57556920 a multiple of 10?
True
Does 6 divide 812310?
True
Does 1824 divide 804398592?
True
Is 935124960 a multiple of 132?
True
Is 15 a factor of 2269074060?
True
Does 15 divide 208343475?
True
Is 131 a factor of 1711811060?
True
Is 1278308619 a multiple of 133?
True
Is 595556496 a multiple of 147?
False
Does 1999 divide 2686145308?
False
Does 272 divide 210359457?
False
Does 6 divide 1054327013?
False
Is 2825985 a multiple of 266?
False
Is 845057010 a multiple of 70?
True
Is 197877000 a multiple of 5325?
True
Does 37 divide 3089341122?
True
Does 526 divide 3566484472?
False
Is 857020070 a multiple of 7977?
False
Is 192235489 a multiple of 28?
False
Does 297 divide 149021376?
False
Is 4597 a factor of 420179591?
True
Does 39 divide 269817970?
False
Does 321 divide 411960807?
True
Is 109976520 a multiple of 6?
True
Is 4 a factor of 2601499?
False
Does 39 divide 3774174946?
False
Is 251002962 a multiple of 18?
True
Is 9472046 a multiple of 62?
False
Does 183 divide 13684008?
True
Is 16 a factor of 63270912?
True
Is 63 a factor of 471797321?
False
Does 986 divide 25361892?
True
Does 408 divide 7197528?
True
Is 3413104246 a multiple of 5?
False
Is 266 a factor of 804882484?
True
Does 193 divide 279530778?
True
Is 323910660 a multiple of 15?
True
Is 22935312 a multiple of 694?
True
Is 14190928 a multiple of 1264?
True
Does 20 divide 84370400?
True
Does 233 divide 69875938?
False
Does 2078 divide 133358800?
False
Does 5 divide 1160610?
True
Is 2051538 a multiple of 6198?
True
Is 77608257 a multiple of 360?
False
Is 1163114946 a multiple of 42?
True
Is 91 a factor of 75127416?
True
Does 17 divide 1357288?
False
Is 392898847 a multiple of 75?
False
Does 64 divide 267273179?
False
Is 2 a factor of 1213151?
False
Does 3944 divide 28665197?
False
Does 1443 divide 89304393?
False
Is 235019421 a multiple of 189?
True
Is 330431805 a multiple of 495?
True
Is 331 a factor of 30535982?
False
Does 171 divide 282057831?
True
Is 318886748 a multiple of 261?
False
Does 50 divide 903726950?
True
Is 1078 a factor of 87999296?
True
Is 8 a factor of 58416496?
True
Does 1799 divide 37400423?
False
Is 1830304836 a multiple of 200?
False
Does 7 divide 513226188?
False
Is 102667000 a multiple of 20?
True
Does 35 divide 1086923484?
False
Does 22 divide 2717066?
True
Does 735 divide 2306288193?
False
Is 1382416098 a multiple of 399?
True
Does 3544 divide 50808491?
False
Is 97580041 a multiple of 13?
True
Does 21 divide 56468606?
False
Is 139526155 a multiple of 1620?
False
Is 55 a factor of 43587806?
False
Is 614 a factor of 34103402?
True
Is 77 a factor of 442774442?
False
Does 235 divide 599906355?
True
Is 24730056 a multiple of 39?
True
Does 105 divide 1217989130?
False
Does 647 divide 32066614?
True
Does 87 divide 336168745?
False
Is 8476 a factor of 6153878916?
False
Is 68284022 a multiple of 1931?
True
Is 10281048 a multiple of 12?
True
Is 515482215 a multiple of 4452?
False
Is 560818749 a multiple of 258?
False
Does 282 divide 52507452?
False
Is 251 a factor of 5500955?
False
Is 15 a factor of 202179362?
False
Does 14 divide 3122184884?
True
Does 177 divide 2711137454?
False
Does 217 divide 259904372?
True
Does 12 divide 35473212?
True
Is 138 a factor of 9560921?
False
Does 1864 divide 24194720?
True
Does 4798 divide 364134614?
True
Is 59043400 a multiple of 223?
False
Does 396 divide 50754528?
True
Is 105672333 a multiple of 111?
True
Is 255 a factor of 1610740650?
True
Is 477988264 a multiple of 767?
True
Does 65 divi